51.222.253.6 - - [06/Oct/2022:18:04:12 -0700] "GET /buildbox/?C=S;O=A HTTP/1.1" 200 393 "-" "Mozilla/5.0 (compatible; AhrefsBot/7.0; +http://ahrefs.com/robot/)" "jasonj1052.com"
103.171.180.139 - - [06/Oct/2022:18:18:05 -0700] "GET /wp-login.php HTTP/1.1" 404 88 "-" "Mozilla/5.0 (Windows NT 10.0; Win64; x64; rv:96.0) Gecko/20100101 Firefox/96" "jasonj1052.com"
14.169.237.99 - - [06/Oct/2022:18:19:41 -0700] "GET / HTTP/1.1" 200 621 "-" "Mozilla/5.0 (Macintosh; Intel Mac OS X 12_5) AppleWebKit/537.36 (KHTML, like Gecko) Chrome/103.0.0.0 Safari/537.36 Vivaldi/5.3.2679.68" "jasonj1052.com"
14.169.237.99 - - [06/Oct/2022:18:19:42 -0700] "GET /thesis HTTP/1.1" 301 1407 "http://jasonj1052.com" "Mozilla/5.0 (Macintosh; Intel Mac OS X 12_5) AppleWebKit/537.36 (KHTML, like Gecko) Chrome/103.0.0.0 Safari/537.36 Vivaldi/5.3.2679.68" "jasonj1052.com"
14.169.237.99 - - [06/Oct/2022:18:19:43 -0700] "GET /thesis/ HTTP/1.1" 200 1776 "http://jasonj1052.com/thesis" "Mozilla/5.0 (Macintosh; Intel Mac OS X 12_5) AppleWebKit/537.36 (KHTML, like Gecko) Chrome/103.0.0.0 Safari/537.36 Vivaldi/5.3.2679.68" "jasonj1052.com"
14.169.237.99 - - [06/Oct/2022:18:19:44 -0700] "GET /white_castle HTTP/1.1" 301 1412 "http://jasonj1052.com" "Mozilla/5.0 (Macintosh; Intel Mac OS X 12_5) AppleWebKit/537.36 (KHTML, like Gecko) Chrome/103.0.0.0 Safari/537.36 Vivaldi/5.3.2679.68" "jasonj1052.com"
14.169.237.99 - - [06/Oct/2022:18:19:44 -0700] "GET /white_castle/ HTTP/1.1" 200 3320 "http://jasonj1052.com/white_castle" "Mozilla/5.0 (Macintosh; Intel Mac OS X 12_5) AppleWebKit/537.36 (KHTML, like Gecko) Chrome/103.0.0.0 Safari/537.36 Vivaldi/5.3.2679.68" "jasonj1052.com"
14.169.237.99 - - [06/Oct/2022:18:19:45 -0700] "GET /work HTTP/1.1" 301 1407 "http://jasonj1052.com" "Mozilla/5.0 (Macintosh; Intel Mac OS X 12_5) AppleWebKit/537.36 (KHTML, like Gecko) Chrome/103.0.0.0 Safari/537.36 Vivaldi/5.3.2679.68" "jasonj1052.com"
14.169.237.99 - - [06/Oct/2022:18:19:45 -0700] "GET /work/ HTTP/1.1" 200 274 "http://jasonj1052.com/work" "Mozilla/5.0 (Macintosh; Intel Mac OS X 12_5) AppleWebKit/537.36 (KHTML, like Gecko) Chrome/103.0.0.0 Safari/537.36 Vivaldi/5.3.2679.68" "jasonj1052.com"
14.169.237.99 - - [06/Oct/2022:18:19:46 -0700] "GET /tn_aquarium HTTP/1.1" 301 1414 "http://jasonj1052.com" "Mozilla/5.0 (Macintosh; Intel Mac OS X 12_5) AppleWebKit/537.36 (KHTML, like Gecko) Chrome/103.0.0.0 Safari/537.36 Vivaldi/5.3.2679.68" "jasonj1052.com"
14.169.237.99 - - [06/Oct/2022:18:19:46 -0700] "GET /tn_aquarium/ HTTP/1.1" 200 668 "http://jasonj1052.com/tn_aquarium" "Mozilla/5.0 (Macintosh; Intel Mac OS X 12_5) AppleWebKit/537.36 (KHTML, like Gecko) Chrome/103.0.0.0 Safari/537.36 Vivaldi/5.3.2679.68" "jasonj1052.com"
14.169.237.99 - - [06/Oct/2022:18:19:47 -0700] "GET /redwings HTTP/1.1" 404 88 "http://jasonj1052.com" "Mozilla/5.0 (Macintosh; Intel Mac OS X 12_5) AppleWebKit/537.36 (KHTML, like Gecko) Chrome/103.0.0.0 Safari/537.36 Vivaldi/5.3.2679.68" "jasonj1052.com"
14.169.237.99 - - [06/Oct/2022:18:19:48 -0700] "GET /tmp HTTP/1.1" 403 170 "http://jasonj1052.com" "Mozilla/5.0 (Macintosh; Intel Mac OS X 12_5) AppleWebKit/537.36 (KHTML, like Gecko) Chrome/103.0.0.0 Safari/537.36 Vivaldi/5.3.2679.68" "jasonj1052.com"
14.169.237.99 - - [06/Oct/2022:18:19:48 -0700] "GET /stanley HTTP/1.1" 301 1408 "http://jasonj1052.com" "Mozilla/5.0 (Macintosh; Intel Mac OS X 12_5) AppleWebKit/537.36 (KHTML, like Gecko) Chrome/103.0.0.0 Safari/537.36 Vivaldi/5.3.2679.68" "jasonj1052.com"
14.169.237.99 - - [06/Oct/2022:18:19:49 -0700] "GET /stanley/ HTTP/1.1" 200 113 "http://jasonj1052.com/stanley" "Mozilla/5.0 (Macintosh; Intel Mac OS X 12_5) AppleWebKit/537.36 (KHTML, like Gecko) Chrome/103.0.0.0 Safari/537.36 Vivaldi/5.3.2679.68" "jasonj1052.com"
14.169.237.99 - - [06/Oct/2022:18:19:50 -0700] "GET /stuffing HTTP/1.1" 301 1409 "http://jasonj1052.com" "Mozilla/5.0 (Macintosh; Intel Mac OS X 12_5) AppleWebKit/537.36 (KHTML, like Gecko) Chrome/103.0.0.0 Safari/537.36 Vivaldi/5.3.2679.68" "jasonj1052.com"
14.169.237.99 - - [06/Oct/2022:18:19:50 -0700] "GET /stuffing/ HTTP/1.1" 200 509 "http://jasonj1052.com/stuffing" "Mozilla/5.0 (Macintosh; Intel Mac OS X 12_5) AppleWebKit/537.36 (KHTML, like Gecko) Chrome/103.0.0.0 Safari/537.36 Vivaldi/5.3.2679.68" "jasonj1052.com"
14.169.237.99 - - [06/Oct/2022:18:19:51 -0700] "GET /christmas HTTP/1.1" 301 1410 "http://jasonj1052.com" "Mozilla/5.0 (Macintosh; Intel Mac OS X 12_5) AppleWebKit/537.36 (KHTML, like Gecko) Chrome/103.0.0.0 Safari/537.36 Vivaldi/5.3.2679.68" "jasonj1052.com"
14.169.237.99 - - [06/Oct/2022:18:19:51 -0700] "GET /christmas/ HTTP/1.1" 200 375 "http://jasonj1052.com/christmas" "Mozilla/5.0 (Macintosh; Intel Mac OS X 12_5) AppleWebKit/537.36 (KHTML, like Gecko) Chrome/103.0.0.0 Safari/537.36 Vivaldi/5.3.2679.68" "jasonj1052.com"
14.169.237.99 - - [06/Oct/2022:18:19:52 -0700] "GET /siskin HTTP/1.1" 301 1408 "http://jasonj1052.com" "Mozilla/5.0 (Macintosh; Intel Mac OS X 12_5) AppleWebKit/537.36 (KHTML, like Gecko) Chrome/103.0.0.0 Safari/537.36 Vivaldi/5.3.2679.68" "jasonj1052.com"
14.169.237.99 - - [06/Oct/2022:18:19:53 -0700] "GET /siskin/ HTTP/1.1" 200 597 "http://jasonj1052.com/siskin" "Mozilla/5.0 (Macintosh; Intel Mac OS X 12_5) AppleWebKit/537.36 (KHTML, like Gecko) Chrome/103.0.0.0 Safari/537.36 Vivaldi/5.3.2679.68" "jasonj1052.com"
14.169.237.99 - - [06/Oct/2022:18:19:53 -0700] "GET /krystal HTTP/1.1" 301 1409 "http://jasonj1052.com" "Mozilla/5.0 (Macintosh; Intel Mac OS X 12_5) AppleWebKit/537.36 (KHTML, like Gecko) Chrome/103.0.0.0 Safari/537.36 Vivaldi/5.3.2679.68" "jasonj1052.com"
14.169.237.99 - - [06/Oct/2022:18:19:54 -0700] "GET /krystal/ HTTP/1.1" 200 818 "http://jasonj1052.com/krystal" "Mozilla/5.0 (Macintosh; Intel Mac OS X 12_5) AppleWebKit/537.36 (KHTML, like Gecko) Chrome/103.0.0.0 Safari/537.36 Vivaldi/5.3.2679.68" "jasonj1052.com"
14.169.237.99 - - [06/Oct/2022:18:19:55 -0700] "GET /pizza HTTP/1.1" 301 1408 "http://jasonj1052.com" "Mozilla/5.0 (Macintosh; Intel Mac OS X 12_5) AppleWebKit/537.36 (KHTML, like Gecko) Chrome/103.0.0.0 Safari/537.36 Vivaldi/5.3.2679.68" "jasonj1052.com"
14.169.237.99 - - [06/Oct/2022:18:19:55 -0700] "GET /pizza/ HTTP/1.1" 200 779 "http://jasonj1052.com/pizza" "Mozilla/5.0 (Macintosh; Intel Mac OS X 12_5) AppleWebKit/537.36 (KHTML, like Gecko) Chrome/103.0.0.0 Safari/537.36 Vivaldi/5.3.2679.68" "jasonj1052.com"
14.169.237.99 - - [06/Oct/2022:18:19:56 -0700] "GET /DC2006 HTTP/1.1" 301 1410 "http://jasonj1052.com" "Mozilla/5.0 (Macintosh; Intel Mac OS X 12_5) AppleWebKit/537.36 (KHTML, like Gecko) Chrome/103.0.0.0 Safari/537.36 Vivaldi/5.3.2679.68" "jasonj1052.com"
14.169.237.99 - - [06/Oct/2022:18:19:56 -0700] "GET /DC2006/ HTTP/1.1" 200 1371 "http://jasonj1052.com/DC2006" "Mozilla/5.0 (Macintosh; Intel Mac OS X 12_5) AppleWebKit/537.36 (KHTML, like Gecko) Chrome/103.0.0.0 Safari/537.36 Vivaldi/5.3.2679.68" "jasonj1052.com"
14.169.237.99 - - [06/Oct/2022:18:19:57 -0700] "GET /maps HTTP/1.1" 301 1406 "http://jasonj1052.com" "Mozilla/5.0 (Macintosh; Intel Mac OS X 12_5) AppleWebKit/537.36 (KHTML, like Gecko) Chrome/103.0.0.0 Safari/537.36 Vivaldi/5.3.2679.68" "jasonj1052.com"
14.169.237.99 - - [06/Oct/2022:18:19:57 -0700] "GET /maps/ HTTP/1.1" 200 1521 "http://jasonj1052.com/maps" "Mozilla/5.0 (Macintosh; Intel Mac OS X 12_5) AppleWebKit/537.36 (KHTML, like Gecko) Chrome/103.0.0.0 Safari/537.36 Vivaldi/5.3.2679.68" "jasonj1052.com"
14.169.237.99 - - [06/Oct/2022:18:19:58 -0700] "GET /dc2007 HTTP/1.1" 301 1409 "http://jasonj1052.com" "Mozilla/5.0 (Macintosh; Intel Mac OS X 12_5) AppleWebKit/537.36 (KHTML, like Gecko) Chrome/103.0.0.0 Safari/537.36 Vivaldi/5.3.2679.68" "jasonj1052.com"
14.169.237.99 - - [06/Oct/2022:18:19:59 -0700] "GET /dc2007/ HTTP/1.1" 200 1239 "http://jasonj1052.com/dc2007" "Mozilla/5.0 (Macintosh; Intel Mac OS X 12_5) AppleWebKit/537.36 (KHTML, like Gecko) Chrome/103.0.0.0 Safari/537.36 Vivaldi/5.3.2679.68" "jasonj1052.com"
14.169.237.99 - - [06/Oct/2022:18:19:59 -0700] "GET /logs HTTP/1.1" 403 170 "http://jasonj1052.com" "Mozilla/5.0 (Macintosh; Intel Mac OS X 12_5) AppleWebKit/537.36 (KHTML, like Gecko) Chrome/103.0.0.0 Safari/537.36 Vivaldi/5.3.2679.68" "jasonj1052.com"
14.169.237.99 - - [06/Oct/2022:18:20:00 -0700] "GET /angus_cafe HTTP/1.1" 301 1412 "http://jasonj1052.com" "Mozilla/5.0 (Macintosh; Intel Mac OS X 12_5) AppleWebKit/537.36 (KHTML, like Gecko) Chrome/103.0.0.0 Safari/537.36 Vivaldi/5.3.2679.68" "jasonj1052.com"
14.169.237.99 - - [06/Oct/2022:18:20:00 -0700] "GET /angus_cafe/ HTTP/1.1" 200 742 "http://jasonj1052.com/angus_cafe" "Mozilla/5.0 (Macintosh; Intel Mac OS X 12_5) AppleWebKit/537.36 (KHTML, like Gecko) Chrome/103.0.0.0 Safari/537.36 Vivaldi/5.3.2679.68" "jasonj1052.com"
14.169.237.99 - - [06/Oct/2022:18:20:01 -0700] "GET /ljlunch HTTP/1.1" 301 1409 "http://jasonj1052.com" "Mozilla/5.0 (Macintosh; Intel Mac OS X 12_5) AppleWebKit/537.36 (KHTML, like Gecko) Chrome/103.0.0.0 Safari/537.36 Vivaldi/5.3.2679.68" "jasonj1052.com"
14.169.237.99 - - [06/Oct/2022:18:20:01 -0700] "GET /ljlunch/ HTTP/1.1" 200 477 "http://jasonj1052.com/ljlunch" "Mozilla/5.0 (Macintosh; Intel Mac OS X 12_5) AppleWebKit/537.36 (KHTML, like Gecko) Chrome/103.0.0.0 Safari/537.36 Vivaldi/5.3.2679.68" "jasonj1052.com"
14.169.237.99 - - [06/Oct/2022:18:20:02 -0700] "GET /bakedonion HTTP/1.1" 301 1411 "http://jasonj1052.com" "Mozilla/5.0 (Macintosh; Intel Mac OS X 12_5) AppleWebKit/537.36 (KHTML, like Gecko) Chrome/103.0.0.0 Safari/537.36 Vivaldi/5.3.2679.68" "jasonj1052.com"
14.169.237.99 - - [06/Oct/2022:18:20:03 -0700] "GET /bakedonion/ HTTP/1.1" 200 582 "http://jasonj1052.com/bakedonion" "Mozilla/5.0 (Macintosh; Intel Mac OS X 12_5) AppleWebKit/537.36 (KHTML, like Gecko) Chrome/103.0.0.0 Safari/537.36 Vivaldi/5.3.2679.68" "jasonj1052.com"
14.169.237.99 - - [06/Oct/2022:18:20:03 -0700] "GET /krystal_hq HTTP/1.1" 301 1413 "http://jasonj1052.com" "Mozilla/5.0 (Macintosh; Intel Mac OS X 12_5) AppleWebKit/537.36 (KHTML, like Gecko) Chrome/103.0.0.0 Safari/537.36 Vivaldi/5.3.2679.68" "jasonj1052.com"
14.169.237.99 - - [06/Oct/2022:18:20:04 -0700] "GET /krystal_hq/ HTTP/1.1" 200 761 "http://jasonj1052.com/krystal_hq" "Mozilla/5.0 (Macintosh; Intel Mac OS X 12_5) AppleWebKit/537.36 (KHTML, like Gecko) Chrome/103.0.0.0 Safari/537.36 Vivaldi/5.3.2679.68" "jasonj1052.com"
14.169.237.99 - - [06/Oct/2022:18:20:04 -0700] "GET /booty HTTP/1.1" 301 1407 "http://jasonj1052.com" "Mozilla/5.0 (Macintosh; Intel Mac OS X 12_5) AppleWebKit/537.36 (KHTML, like Gecko) Chrome/103.0.0.0 Safari/537.36 Vivaldi/5.3.2679.68" "jasonj1052.com"
14.169.237.99 - - [06/Oct/2022:18:20:05 -0700] "GET /booty/ HTTP/1.1" 200 368 "http://jasonj1052.com/booty" "Mozilla/5.0 (Macintosh; Intel Mac OS X 12_5) AppleWebKit/537.36 (KHTML, like Gecko) Chrome/103.0.0.0 Safari/537.36 Vivaldi/5.3.2679.68" "jasonj1052.com"
14.169.237.99 - - [06/Oct/2022:18:20:06 -0700] "GET /kpep HTTP/1.1" 301 1406 "http://jasonj1052.com" "Mozilla/5.0 (Macintosh; Intel Mac OS X 12_5) AppleWebKit/537.36 (KHTML, like Gecko) Chrome/103.0.0.0 Safari/537.36 Vivaldi/5.3.2679.68" "jasonj1052.com"
14.169.237.99 - - [06/Oct/2022:18:20:06 -0700] "GET /kpep/ HTTP/1.1" 200 358 "http://jasonj1052.com/kpep" "Mozilla/5.0 (Macintosh; Intel Mac OS X 12_5) AppleWebKit/537.36 (KHTML, like Gecko) Chrome/103.0.0.0 Safari/537.36 Vivaldi/5.3.2679.68" "jasonj1052.com"
14.169.237.99 - - [06/Oct/2022:18:20:07 -0700] "GET /buildbox HTTP/1.1" 301 1410 "http://jasonj1052.com" "Mozilla/5.0 (Macintosh; Intel Mac OS X 12_5) AppleWebKit/537.36 (KHTML, like Gecko) Chrome/103.0.0.0 Safari/537.36 Vivaldi/5.3.2679.68" "jasonj1052.com"
14.169.237.99 - - [06/Oct/2022:18:20:07 -0700] "GET /buildbox/ HTTP/1.1" 200 393 "http://jasonj1052.com/buildbox" "Mozilla/5.0 (Macintosh; Intel Mac OS X 12_5) AppleWebKit/537.36 (KHTML, like Gecko) Chrome/103.0.0.0 Safari/537.36 Vivaldi/5.3.2679.68" "jasonj1052.com"
14.169.237.99 - - [06/Oct/2022:18:20:08 -0700] "GET /induction HTTP/1.1" 301 1409 "http://jasonj1052.com" "Mozilla/5.0 (Macintosh; Intel Mac OS X 12_5) AppleWebKit/537.36 (KHTML, like Gecko) Chrome/103.0.0.0 Safari/537.36 Vivaldi/5.3.2679.68" "jasonj1052.com"
14.169.237.99 - - [06/Oct/2022:18:20:08 -0700] "GET /induction/ HTTP/1.1" 200 677 "http://jasonj1052.com/induction" "Mozilla/5.0 (Macintosh; Intel Mac OS X 12_5) AppleWebKit/537.36 (KHTML, like Gecko) Chrome/103.0.0.0 Safari/537.36 Vivaldi/5.3.2679.68" "jasonj1052.com"
14.169.237.99 - - [06/Oct/2022:18:20:09 -0700] "GET /chattanooga_ducks HTTP/1.1" 301 1417 "http://jasonj1052.com" "Mozilla/5.0 (Macintosh; Intel Mac OS X 12_5) AppleWebKit/537.36 (KHTML, like Gecko) Chrome/103.0.0.0 Safari/537.36 Vivaldi/5.3.2679.68" "jasonj1052.com"
14.169.237.99 - - [06/Oct/2022:18:20:10 -0700] "GET /chattanooga_ducks/ HTTP/1.1" 200 632 "http://jasonj1052.com/chattanooga_ducks" "Mozilla/5.0 (Macintosh; Intel Mac OS X 12_5) AppleWebKit/537.36 (KHTML, like Gecko) Chrome/103.0.0.0 Safari/537.36 Vivaldi/5.3.2679.68" "jasonj1052.com"
14.169.237.99 - - [06/Oct/2022:18:20:10 -0700] "GET /graduation HTTP/1.1" 301 1409 "http://jasonj1052.com" "Mozilla/5.0 (Macintosh; Intel Mac OS X 12_5) AppleWebKit/537.36 (KHTML, like Gecko) Chrome/103.0.0.0 Safari/537.36 Vivaldi/5.3.2679.68" "jasonj1052.com"
14.169.237.99 - - [06/Oct/2022:18:20:11 -0700] "GET /graduation/ HTTP/1.1" 200 1211 "http://jasonj1052.com/graduation" "Mozilla/5.0 (Macintosh; Intel Mac OS X 12_5) AppleWebKit/537.36 (KHTML, like Gecko) Chrome/103.0.0.0 Safari/537.36 Vivaldi/5.3.2679.68" "jasonj1052.com"
14.169.237.99 - - [06/Oct/2022:18:20:12 -0700] "GET /corned_ham/ HTTP/1.1" 200 795 "http://jasonj1052.com/corned_ham" "Mozilla/5.0 (Macintosh; Intel Mac OS X 12_5) AppleWebKit/537.36 (KHTML, like Gecko) Chrome/103.0.0.0 Safari/537.36 Vivaldi/5.3.2679.68" "jasonj1052.com"
14.169.237.99 - - [06/Oct/2022:18:20:12 -0700] "GET /crave_cruiser HTTP/1.1" 301 1414 "http://jasonj1052.com" "Mozilla/5.0 (Macintosh; Intel Mac OS X 12_5) AppleWebKit/537.36 (KHTML, like Gecko) Chrome/103.0.0.0 Safari/537.36 Vivaldi/5.3.2679.68" "jasonj1052.com"
14.169.237.99 - - [06/Oct/2022:18:20:13 -0700] "GET /crave_cruiser/ HTTP/1.1" 200 663 "http://jasonj1052.com/crave_cruiser" "Mozilla/5.0 (Macintosh; Intel Mac OS X 12_5) AppleWebKit/537.36 (KHTML, like Gecko) Chrome/103.0.0.0 Safari/537.36 Vivaldi/5.3.2679.68" "jasonj1052.com"
114.119.129.206 - - [06/Oct/2022:18:39:37 -0700] "GET /krystal HTTP/1.1" 301 1411 "http://www.jasonj1052.com/" "Mozilla/5.0 (Linux; Android 7.0;) AppleWebKit/537.36 (KHTML, like Gecko) Mobile Safari/537.36 (compatible; PetalBot;+https://webmaster.petalsearch.com/site/petalbot)" "www.jasonj1052.com"
114.119.129.206 - - [06/Oct/2022:18:39:37 -0700] "GET /krystal/ HTTP/1.1" 200 818 "http://www.jasonj1052.com/" "Mozilla/5.0 (Linux; Android 7.0;) AppleWebKit/537.36 (KHTML, like Gecko) Mobile Safari/537.36 (compatible; PetalBot;+https://webmaster.petalsearch.com/site/petalbot)" "www.jasonj1052.com"
51.222.253.5 - - [06/Oct/2022:18:42:12 -0700] "GET /buildbox/?C=D;O=A HTTP/1.1" 200 393 "-" "Mozilla/5.0 (compatible; AhrefsBot/7.0; +http://ahrefs.com/robot/)" "jasonj1052.com"
114.119.140.186 - - [06/Oct/2022:18:46:12 -0700] "GET /thesis/thrashing.htm HTTP/1.1" 200 3426 "http://jasonj1052.com/thesis/" "Mozilla/5.0 (Linux; Android 7.0;) AppleWebKit/537.36 (KHTML, like Gecko) Mobile Safari/537.36 (compatible; PetalBot;+https://webmaster.petalsearch.com/site/petalbot)" "jasonj1052.com"
114.119.140.190 - - [06/Oct/2022:18:51:42 -0700] "GET /krystal?N=D HTTP/1.1" 301 1414 "-" "Mozilla/5.0 (Linux; Android 7.0;) AppleWebKit/537.36 (KHTML, like Gecko) Mobile Safari/537.36 (compatible; PetalBot;+https://webmaster.petalsearch.com/site/petalbot)" "jasonj1052.com"
114.119.140.190 - - [06/Oct/2022:18:51:43 -0700] "GET /krystal/?N=D HTTP/1.1" 200 818 "-" "Mozilla/5.0 (Linux; Android 7.0;) AppleWebKit/537.36 (KHTML, like Gecko) Mobile Safari/537.36 (compatible; PetalBot;+https://webmaster.petalsearch.com/site/petalbot)" "jasonj1052.com"
114.119.129.206 - - [06/Oct/2022:18:57:14 -0700] "GET /bakedonion/bakedonion1.jpg HTTP/1.1" 200 13431 "http://www.jasonj1052.com/bakedonion" "Mozilla/5.0 (Linux; Android 7.0;) AppleWebKit/537.36 (KHTML, like Gecko) Mobile Safari/537.36 (compatible; PetalBot;+https://webmaster.petalsearch.com/site/petalbot)" "www.jasonj1052.com"
114.119.140.190 - - [06/Oct/2022:19:02:44 -0700] "GET /buildbox/?C=M%3BO%3DA HTTP/1.1" 200 393 "http://jasonj1052.com/buildbox?C=N%3BO%3DD" "Mozilla/5.0 (Linux; Android 7.0;) AppleWebKit/537.36 (KHTML, like Gecko) Mobile Safari/537.36 (compatible; PetalBot;+https://webmaster.petalsearch.com/site/petalbot)" "jasonj1052.com"
193.235.141.178 - - [06/Oct/2022:19:03:23 -0700] "GET / HTTP/1.1" 200 621 "-" "Mozilla/5.0 (Windows NT 10.0; Win64; x64) AppleWebKit/537.36 (KHTML, like Gecko) Chrome/105.0.0.0 Safari/537.36" "jasonj1052.com"
114.119.129.206 - - [06/Oct/2022:19:08:16 -0700] "GET /krystal?S=A HTTP/1.1" 301 1414 "-" "Mozilla/5.0 (Linux; Android 7.0;) AppleWebKit/537.36 (KHTML, like Gecko) Mobile Safari/537.36 (compatible; PetalBot;+https://webmaster.petalsearch.com/site/petalbot)" "jasonj1052.com"
114.119.129.206 - - [06/Oct/2022:19:08:17 -0700] "GET /krystal/?S=A HTTP/1.1" 200 818 "-" "Mozilla/5.0 (Linux; Android 7.0;) AppleWebKit/537.36 (KHTML, like Gecko) Mobile Safari/537.36 (compatible; PetalBot;+https://webmaster.petalsearch.com/site/petalbot)" "jasonj1052.com"
51.222.253.5 - - [06/Oct/2022:19:13:12 -0700] "GET /krystal/?C=S;O=D HTTP/1.1" 200 798 "-" "Mozilla/5.0 (compatible; AhrefsBot/7.0; +http://ahrefs.com/robot/)" "jasonj1052.com"
114.119.129.206 - - [06/Oct/2022:19:13:47 -0700] "GET /buildbox?S=D HTTP/1.1" 301 1416 "http://www.jasonj1052.com/buildbox?S=A" "Mozilla/5.0 (Linux; Android 7.0;) AppleWebKit/537.36 (KHTML, like Gecko) Mobile Safari/537.36 (compatible; PetalBot;+https://webmaster.petalsearch.com/site/petalbot)" "www.jasonj1052.com"
114.119.129.206 - - [06/Oct/2022:19:13:48 -0700] "GET /buildbox/?S=D HTTP/1.1" 200 393 "http://www.jasonj1052.com/buildbox?S=A" "Mozilla/5.0 (Linux; Android 7.0;) AppleWebKit/537.36 (KHTML, like Gecko) Mobile Safari/537.36 (compatible; PetalBot;+https://webmaster.petalsearch.com/site/petalbot)" "www.jasonj1052.com"
114.119.129.206 - - [06/Oct/2022:19:19:19 -0700] "GET /siskin HTTP/1.1" 301 1410 "http://www.jasonj1052.com/" "Mozilla/5.0 (Linux; Android 7.0;) AppleWebKit/537.36 (KHTML, like Gecko) Mobile Safari/537.36 (compatible; PetalBot;+https://webmaster.petalsearch.com/site/petalbot)" "www.jasonj1052.com"
114.119.129.206 - - [06/Oct/2022:19:19:20 -0700] "GET /siskin/ HTTP/1.1" 200 597 "http://www.jasonj1052.com/" "Mozilla/5.0 (Linux; Android 7.0;) AppleWebKit/537.36 (KHTML, like Gecko) Mobile Safari/537.36 (compatible; PetalBot;+https://webmaster.petalsearch.com/site/petalbot)" "www.jasonj1052.com"
4.228.106.166 - - [06/Oct/2022:19:21:18 -0700] "GET /shell4.php HTTP/1.1" 404 88 "https://www.google.com" "Mozilla/5.0 (Windows NT 10.0; WOW64; rv:52.0) Gecko/20100101 Firefox/52.0" "www.jasonj1052.com"
4.228.106.166 - - [06/Oct/2022:19:21:18 -0700] "GET /ups.php HTTP/1.1" 404 88 "https://www.google.com" "Mozilla/5.0 (Windows NT 10.0; WOW64; rv:52.0) Gecko/20100101 Firefox/52.0" "www.jasonj1052.com"
4.228.106.166 - - [06/Oct/2022:19:21:18 -0700] "GET /ru.php HTTP/1.1" 404 88 "https://www.google.com" "Mozilla/5.0 (Windows NT 10.0; WOW64; rv:52.0) Gecko/20100101 Firefox/52.0" "www.jasonj1052.com"
4.228.106.166 - - [06/Oct/2022:19:21:19 -0700] "GET /if.php HTTP/1.1" 404 88 "https://www.google.com" "Mozilla/5.0 (Windows NT 10.0; WOW64; rv:52.0) Gecko/20100101 Firefox/52.0" "www.jasonj1052.com"
4.228.106.166 - - [06/Oct/2022:19:21:19 -0700] "GET /vuln.php HTTP/1.1" 404 88 "https://www.google.com" "Mozilla/5.0 (Windows NT 10.0; WOW64; rv:52.0) Gecko/20100101 Firefox/52.0" "www.jasonj1052.com"
4.228.106.166 - - [06/Oct/2022:19:21:20 -0700] "GET /fw.php HTTP/1.1" 404 88 "https://www.google.com" "Mozilla/5.0 (Windows NT 10.0; WOW64; rv:52.0) Gecko/20100101 Firefox/52.0" "www.jasonj1052.com"
4.228.106.166 - - [06/Oct/2022:19:21:20 -0700] "GET /skipper.php HTTP/1.1" 404 88 "https://www.google.com" "Mozilla/5.0 (Windows NT 10.0; WOW64; rv:52.0) Gecko/20100101 Firefox/52.0" "www.jasonj1052.com"
4.228.106.166 - - [06/Oct/2022:19:21:21 -0700] "GET /skippershell.php HTTP/1.1" 404 88 "https://www.google.com" "Mozilla/5.0 (Windows NT 10.0; WOW64; rv:52.0) Gecko/20100101 Firefox/52.0" "www.jasonj1052.com"
4.228.106.166 - - [06/Oct/2022:19:21:21 -0700] "GET /tttt.php HTTP/1.1" 404 88 "https://www.google.com" "Mozilla/5.0 (Windows NT 10.0; WOW64; rv:52.0) Gecko/20100101 Firefox/52.0" "www.jasonj1052.com"
4.228.106.166 - - [06/Oct/2022:19:21:22 -0700] "GET /tshop.php HTTP/1.1" 404 88 "https://www.google.com" "Mozilla/5.0 (Windows NT 10.0; WOW64; rv:52.0) Gecko/20100101 Firefox/52.0" "www.jasonj1052.com"
4.228.106.166 - - [06/Oct/2022:19:21:22 -0700] "GET /alfa.php HTTP/1.1" 404 88 "https://www.google.com" "Mozilla/5.0 (Windows NT 10.0; WOW64; rv:52.0) Gecko/20100101 Firefox/52.0" "www.jasonj1052.com"
4.228.106.166 - - [06/Oct/2022:19:21:22 -0700] "GET /shell.php HTTP/1.1" 404 88 "https://www.google.com" "Mozilla/5.0 (Windows NT 10.0; WOW64; rv:52.0) Gecko/20100101 Firefox/52.0" "www.jasonj1052.com"
4.228.106.166 - - [06/Oct/2022:19:21:23 -0700] "GET /inje3ctor.php HTTP/1.1" 404 88 "https://www.google.com" "Mozilla/5.0 (Windows NT 10.0; WOW64; rv:52.0) Gecko/20100101 Firefox/52.0" "www.jasonj1052.com"
4.228.106.166 - - [06/Oct/2022:19:21:23 -0700] "GET /saudi.php HTTP/1.1" 404 88 "https://www.google.com" "Mozilla/5.0 (Windows NT 10.0; WOW64; rv:52.0) Gecko/20100101 Firefox/52.0" "www.jasonj1052.com"
4.228.106.166 - - [06/Oct/2022:19:21:24 -0700] "GET /wso.php HTTP/1.1" 404 88 "https://www.google.com" "Mozilla/5.0 (Windows NT 10.0; WOW64; rv:52.0) Gecko/20100101 Firefox/52.0" "www.jasonj1052.com"
4.228.106.166 - - [06/Oct/2022:19:21:24 -0700] "GET /alfashell.php HTTP/1.1" 404 88 "https://www.google.com" "Mozilla/5.0 (Windows NT 10.0; WOW64; rv:52.0) Gecko/20100101 Firefox/52.0" "www.jasonj1052.com"
4.228.106.166 - - [06/Oct/2022:19:21:24 -0700] "GET /my_alfa.php HTTP/1.1" 404 88 "https://www.google.com" "Mozilla/5.0 (Windows NT 10.0; WOW64; rv:52.0) Gecko/20100101 Firefox/52.0" "www.jasonj1052.com"
4.228.106.166 - - [06/Oct/2022:19:21:25 -0700] "GET /uploader.php HTTP/1.1" 404 88 "https://www.google.com" "Mozilla/5.0 (Windows NT 10.0; WOW64; rv:52.0) Gecko/20100101 Firefox/52.0" "www.jasonj1052.com"
4.228.106.166 - - [06/Oct/2022:19:21:25 -0700] "GET /up.php HTTP/1.1" 404 88 "https://www.google.com" "Mozilla/5.0 (Windows NT 10.0; WOW64; rv:52.0) Gecko/20100101 Firefox/52.0" "www.jasonj1052.com"
4.228.106.166 - - [06/Oct/2022:19:21:26 -0700] "GET /hacked.php HTTP/1.1" 404 88 "https://www.google.com" "Mozilla/5.0 (Windows NT 10.0; WOW64; rv:52.0) Gecko/20100101 Firefox/52.0" "www.jasonj1052.com"
4.228.106.166 - - [06/Oct/2022:19:21:26 -0700] "GET /c99.php HTTP/1.1" 404 88 "https://www.google.com" "Mozilla/5.0 (Windows NT 10.0; WOW64; rv:52.0) Gecko/20100101 Firefox/52.0" "www.jasonj1052.com"
4.228.106.166 - - [06/Oct/2022:19:21:26 -0700] "GET /priv8.php HTTP/1.1" 404 88 "https://www.google.com" "Mozilla/5.0 (Windows NT 10.0; WOW64; rv:52.0) Gecko/20100101 Firefox/52.0" "www.jasonj1052.com"
4.228.106.166 - - [06/Oct/2022:19:21:27 -0700] "GET /Navir.php HTTP/1.1" 404 88 "https://www.google.com" "Mozilla/5.0 (Windows NT 10.0; WOW64; rv:52.0) Gecko/20100101 Firefox/52.0" "www.jasonj1052.com"
4.228.106.166 - - [06/Oct/2022:19:21:27 -0700] "GET /cmd13.php HTTP/1.1" 404 88 "https://www.google.com" "Mozilla/5.0 (Windows NT 10.0; WOW64; rv:52.0) Gecko/20100101 Firefox/52.0" "www.jasonj1052.com"
4.228.106.166 - - [06/Oct/2022:19:21:28 -0700] "GET /inc20k1.php HTTP/1.1" 404 88 "https://www.google.com" "Mozilla/5.0 (Windows NT 10.0; WOW64; rv:52.0) Gecko/20100101 Firefox/52.0" "www.jasonj1052.com"
4.228.106.166 - - [06/Oct/2022:19:21:28 -0700] "GET /1index.php HTTP/1.1" 404 88 "https://www.google.com" "Mozilla/5.0 (Windows NT 10.0; WOW64; rv:52.0) Gecko/20100101 Firefox/52.0" "www.jasonj1052.com"
4.228.106.166 - - [06/Oct/2022:19:21:28 -0700] "GET /404.php HTTP/1.1" 404 88 "https://www.google.com" "Mozilla/5.0 (Windows NT 10.0; WOW64; rv:52.0) Gecko/20100101 Firefox/52.0" "www.jasonj1052.com"
4.228.106.166 - - [06/Oct/2022:19:21:29 -0700] "GET /swm.php HTTP/1.1" 404 88 "https://www.google.com" "Mozilla/5.0 (Windows NT 10.0; WOW64; rv:52.0) Gecko/20100101 Firefox/52.0" "www.jasonj1052.com"
4.228.106.166 - - [06/Oct/2022:19:21:30 -0700] "GET /wp.php HTTP/1.1" 404 88 "https://www.google.com" "Mozilla/5.0 (Windows NT 10.0; WOW64; rv:52.0) Gecko/20100101 Firefox/52.0" "www.jasonj1052.com"
4.228.106.166 - - [06/Oct/2022:19:21:30 -0700] "GET /doc.php HTTP/1.1" 404 88 "https://www.google.com" "Mozilla/5.0 (Windows NT 10.0; WOW64; rv:52.0) Gecko/20100101 Firefox/52.0" "www.jasonj1052.com"
4.228.106.166 - - [06/Oct/2022:19:21:30 -0700] "GET /shx.php HTTP/1.1" 404 88 "https://www.google.com" "Mozilla/5.0 (Windows NT 10.0; WOW64; rv:52.0) Gecko/20100101 Firefox/52.0" "www.jasonj1052.com"
4.228.106.166 - - [06/Oct/2022:19:21:31 -0700] "GET /ws.php HTTP/1.1" 404 88 "https://www.google.com" "Mozilla/5.0 (Windows NT 10.0; WOW64; rv:52.0) Gecko/20100101 Firefox/52.0" "www.jasonj1052.com"
4.228.106.166 - - [06/Oct/2022:19:21:31 -0700] "GET /m.php HTTP/1.1" 404 88 "https://www.google.com" "Mozilla/5.0 (Windows NT 10.0; WOW64; rv:52.0) Gecko/20100101 Firefox/52.0" "www.jasonj1052.com"
4.228.106.166 - - [06/Oct/2022:19:21:32 -0700] "GET /edit-form.php HTTP/1.1" 404 88 "https://www.google.com" "Mozilla/5.0 (Windows NT 10.0; WOW64; rv:52.0) Gecko/20100101 Firefox/52.0" "www.jasonj1052.com"
4.228.106.166 - - [06/Oct/2022:19:21:32 -0700] "GET /leafmailer.php HTTP/1.1" 404 88 "https://www.google.com" "Mozilla/5.0 (Windows NT 10.0; WOW64; rv:52.0) Gecko/20100101 Firefox/52.0" "www.jasonj1052.com"
4.228.106.166 - - [06/Oct/2022:19:21:33 -0700] "GET /mailer.php HTTP/1.1" 404 88 "https://www.google.com" "Mozilla/5.0 (Windows NT 10.0; WOW64; rv:52.0) Gecko/20100101 Firefox/52.0" "www.jasonj1052.com"
4.228.106.166 - - [06/Oct/2022:19:21:33 -0700] "GET /leafmailer2.8.php HTTP/1.1" 404 88 "https://www.google.com" "Mozilla/5.0 (Windows NT 10.0; WOW64; rv:52.0) Gecko/20100101 Firefox/52.0" "www.jasonj1052.com"
4.228.106.166 - - [06/Oct/2022:19:21:34 -0700] "GET /Leaf.php HTTP/1.1" 404 88 "https://www.google.com" "Mozilla/5.0 (Windows NT 10.0; WOW64; rv:52.0) Gecko/20100101 Firefox/52.0" "www.jasonj1052.com"
4.228.106.166 - - [06/Oct/2022:19:21:34 -0700] "GET /leaf.php HTTP/1.1" 404 88 "https://www.google.com" "Mozilla/5.0 (Windows NT 10.0; WOW64; rv:52.0) Gecko/20100101 Firefox/52.0" "www.jasonj1052.com"
4.228.106.166 - - [06/Oct/2022:19:21:35 -0700] "GET /x.php HTTP/1.1" 404 88 "https://www.google.com" "Mozilla/5.0 (Windows NT 10.0; WOW64; rv:52.0) Gecko/20100101 Firefox/52.0" "www.jasonj1052.com"
4.228.106.166 - - [06/Oct/2022:19:21:35 -0700] "GET /srx.php HTTP/1.1" 404 88 "https://www.google.com" "Mozilla/5.0 (Windows NT 10.0; WOW64; rv:52.0) Gecko/20100101 Firefox/52.0" "www.jasonj1052.com"
4.228.106.166 - - [06/Oct/2022:19:21:35 -0700] "GET /1337.php HTTP/1.1" 404 88 "https://www.google.com" "Mozilla/5.0 (Windows NT 10.0; WOW64; rv:52.0) Gecko/20100101 Firefox/52.0" "www.jasonj1052.com"
4.228.106.166 - - [06/Oct/2022:19:21:36 -0700] "GET /xx.php HTTP/1.1" 404 88 "https://www.google.com" "Mozilla/5.0 (Windows NT 10.0; WOW64; rv:52.0) Gecko/20100101 Firefox/52.0" "www.jasonj1052.com"
4.228.106.166 - - [06/Oct/2022:19:21:36 -0700] "GET /XxX.php HTTP/1.1" 404 88 "https://www.google.com" "Mozilla/5.0 (Windows NT 10.0; WOW64; rv:52.0) Gecko/20100101 Firefox/52.0" "www.jasonj1052.com"
4.228.106.166 - - [06/Oct/2022:19:21:37 -0700] "GET /lf.php HTTP/1.1" 404 88 "https://www.google.com" "Mozilla/5.0 (Windows NT 10.0; WOW64; rv:52.0) Gecko/20100101 Firefox/52.0" "www.jasonj1052.com"
4.228.106.166 - - [06/Oct/2022:19:21:37 -0700] "GET /alex.php HTTP/1.1" 404 88 "https://www.google.com" "Mozilla/5.0 (Windows NT 10.0; WOW64; rv:52.0) Gecko/20100101 Firefox/52.0" "www.jasonj1052.com"
4.228.106.166 - - [06/Oct/2022:19:21:38 -0700] "GET /new.php HTTP/1.1" 404 88 "https://www.google.com" "Mozilla/5.0 (Windows NT 10.0; WOW64; rv:52.0) Gecko/20100101 Firefox/52.0" "www.jasonj1052.com"
4.228.106.166 - - [06/Oct/2022:19:21:38 -0700] "GET /marijuana.php HTTP/1.1" 404 88 "https://www.google.com" "Mozilla/5.0 (Windows NT 10.0; WOW64; rv:52.0) Gecko/20100101 Firefox/52.0" "www.jasonj1052.com"
4.228.106.166 - - [06/Oct/2022:19:21:39 -0700] "GET /gaza.php HTTP/1.1" 404 88 "https://www.google.com" "Mozilla/5.0 (Windows NT 10.0; WOW64; rv:52.0) Gecko/20100101 Firefox/52.0" "www.jasonj1052.com"
4.228.106.166 - - [06/Oct/2022:19:21:39 -0700] "GET /wp-admin.php HTTP/1.1" 404 88 "https://www.google.com" "Mozilla/5.0 (Windows NT 10.0; WOW64; rv:52.0) Gecko/20100101 Firefox/52.0" "www.jasonj1052.com"
4.228.106.166 - - [06/Oct/2022:19:21:39 -0700] "GET /3index.php HTTP/1.1" 404 88 "https://www.google.com" "Mozilla/5.0 (Windows NT 10.0; WOW64; rv:52.0) Gecko/20100101 Firefox/52.0" "www.jasonj1052.com"
4.228.106.166 - - [06/Oct/2022:19:21:40 -0700] "GET /wikindex.php HTTP/1.1" 404 88 "https://www.google.com" "Mozilla/5.0 (Windows NT 10.0; WOW64; rv:52.0) Gecko/20100101 Firefox/52.0" "www.jasonj1052.com"
4.228.106.166 - - [06/Oct/2022:19:21:40 -0700] "GET /wso1.php HTTP/1.1" 404 88 "https://www.google.com" "Mozilla/5.0 (Windows NT 10.0; WOW64; rv:52.0) Gecko/20100101 Firefox/52.0" "www.jasonj1052.com"
4.228.106.166 - - [06/Oct/2022:19:21:41 -0700] "GET /bb.php HTTP/1.1" 404 88 "https://www.google.com" "Mozilla/5.0 (Windows NT 10.0; WOW64; rv:52.0) Gecko/20100101 Firefox/52.0" "www.jasonj1052.com"
4.228.106.166 - - [06/Oct/2022:19:21:41 -0700] "GET /Lux.php HTTP/1.1" 404 88 "https://www.google.com" "Mozilla/5.0 (Windows NT 10.0; WOW64; rv:52.0) Gecko/20100101 Firefox/52.0" "www.jasonj1052.com"
4.228.106.166 - - [06/Oct/2022:19:21:42 -0700] "GET /haxor.php HTTP/1.1" 404 88 "https://www.google.com" "Mozilla/5.0 (Windows NT 10.0; WOW64; rv:52.0) Gecko/20100101 Firefox/52.0" "www.jasonj1052.com"
114.119.140.178 - - [06/Oct/2022:19:24:53 -0700] "GET /thesis/95travel.xls HTTP/1.1" 200 141312 "http://www.jasonj1052.com/thesis/index.htm" "Mozilla/5.0 (Linux; Android 7.0;) AppleWebKit/537.36 (KHTML, like Gecko) Mobile Safari/537.36 (compatible; PetalBot;+https://webmaster.petalsearch.com/site/petalbot)" "www.jasonj1052.com"
114.119.140.190 - - [06/Oct/2022:19:30:29 -0700] "GET /buildbox/?C=D%3BO%3DA HTTP/1.1" 200 393 "http://www.jasonj1052.com/buildbox?M=D" "Mozilla/5.0 (Linux; Android 7.0;) AppleWebKit/537.36 (KHTML, like Gecko) Mobile Safari/537.36 (compatible; PetalBot;+https://webmaster.petalsearch.com/site/petalbot)" "www.jasonj1052.com"
114.119.140.190 - - [06/Oct/2022:19:36:00 -0700] "GET /buildbox/?C=N%3BO%3DD HTTP/1.1" 200 393 "http://www.jasonj1052.com/buildbox?M=D" "Mozilla/5.0 (Linux; Android 7.0;) AppleWebKit/537.36 (KHTML, like Gecko) Mobile Safari/537.36 (compatible; PetalBot;+https://webmaster.petalsearch.com/site/petalbot)" "www.jasonj1052.com"
20.169.49.224 - - [06/Oct/2022:19:45:43 -0700] "GET / HTTP/1.1" 200 1477 "-" "Mozilla/5.0 (Windows NT 10.0; Win64; x64) AppleWebKit/537.36 (KHTML, like Gecko) Chrome/88.0.4240.193 Safari/537.36" "jasonj1052.com"
20.169.49.224 - - [06/Oct/2022:19:45:43 -0700] "GET / HTTP/1.1" 200 1477 "-" "Mozilla/5.0 (Windows NT 10.0; Win64; x64) AppleWebKit/537.36 (KHTML, like Gecko) Chrome/88.0.4240.193 Safari/537.36" "jasonj1052.com"
20.169.49.224 - - [06/Oct/2022:19:45:44 -0700] "GET /wordpress/wp-includes/wlwmanifest.xml HTTP/1.1" 404 73 "-" "Mozilla/5.0 (Windows NT 10.0; Win64; x64) AppleWebKit/537.36 (KHTML, like Gecko) Chrome/88.0.4240.193 Safari/537.36" "jasonj1052.com"
20.169.49.224 - - [06/Oct/2022:19:45:50 -0700] "GET /website/wp-includes/wlwmanifest.xml HTTP/1.1" 404 73 "-" "Mozilla/5.0 (Windows NT 10.0; Win64; x64) AppleWebKit/537.36 (KHTML, like Gecko) Chrome/88.0.4240.193 Safari/537.36" "jasonj1052.com"
20.169.49.224 - - [06/Oct/2022:19:45:52 -0700] "GET /2020/wp-includes/wlwmanifest.xml HTTP/1.1" 404 73 "-" "Mozilla/5.0 (Windows NT 10.0; Win64; x64) AppleWebKit/537.36 (KHTML, like Gecko) Chrome/88.0.4240.193 Safari/537.36" "jasonj1052.com"
54.36.149.54 - - [06/Oct/2022:19:45:53 -0700] "GET /robots.txt HTTP/1.1" 404 88 "-" "Mozilla/5.0 (compatible; AhrefsBot/7.0; +http://ahrefs.com/robot/)" "jasonj1052.com"
20.169.49.224 - - [06/Oct/2022:19:45:58 -0700] "GET /sito/wp-includes/wlwmanifest.xml HTTP/1.1" 404 73 "-" "Mozilla/5.0 (Windows NT 10.0; Win64; x64) AppleWebKit/537.36 (KHTML, like Gecko) Chrome/88.0.4240.193 Safari/537.36" "jasonj1052.com"
51.222.253.1 - - [06/Oct/2022:20:17:18 -0700] "GET /stuffing/?C=S;O=A HTTP/1.1" 200 510 "-" "Mozilla/5.0 (compatible; AhrefsBot/7.0; +http://ahrefs.com/robot/)" "jasonj1052.com"
51.222.253.7 - - [06/Oct/2022:20:43:21 -0700] "GET /stuffing/?C=M;O=A HTTP/1.1" 200 513 "-" "Mozilla/5.0 (compatible; AhrefsBot/7.0; +http://ahrefs.com/robot/)" "jasonj1052.com"
173.252.83.117 - - [06/Oct/2022:20:46:25 -0700] "GET /DC2006/dc-thumb07.jpg HTTP/1.1" 200 8035 "-" "facebookexternalhit/1.1 (+http://www.facebook.com/externalhit_uatext.php)" "jasonj1052.com"
114.119.146.69 - - [06/Oct/2022:20:47:02 -0700] "GET /robots.txt HTTP/1.1" 404 88 "-" "Mozilla/5.0 (compatible;PetalBot;+https://webmaster.petalsearch.com/site/petalbot)" "jasonj1052.com"
51.222.253.15 - - [06/Oct/2022:21:09:03 -0700] "GET /thesis/dblheader.htm HTTP/1.1" 200 2426 "-" "Mozilla/5.0 (compatible; AhrefsBot/7.0; +http://ahrefs.com/robot/)" "jasonj1052.com"
34.216.39.107 - - [06/Oct/2022:21:23:45 -0700] "GET / HTTP/1.1" 200 621 "-" "Mozilla/5.0 (X11; Linux x86_64) AppleWebKit/537.36 (KHTML, like Gecko) Chrome/83.0.4103.97 Safari/537.36" "jasonj1052.com"
35.162.143.227 - - [06/Oct/2022:21:23:52 -0700] "GET / HTTP/1.1" 200 621 "-" "Mozilla/5.0 (X11; Linux x86_64) AppleWebKit/537.36 (KHTML, like Gecko) Chrome/83.0.4103.97 Safari/537.36" "jasonj1052.com"
54.36.148.246 - - [06/Oct/2022:21:32:53 -0700] "GET /robots.txt HTTP/1.1" 404 88 "-" "Mozilla/5.0 (compatible; AhrefsBot/7.0; +http://ahrefs.com/robot/)" "www.jasonj1052.com"
51.222.253.5 - - [06/Oct/2022:21:32:54 -0700] "GET / HTTP/1.1" 200 621 "-" "Mozilla/5.0 (compatible; AhrefsBot/7.0; +http://ahrefs.com/robot/)" "www.jasonj1052.com"
173.252.83.11 - - [06/Oct/2022:21:56:24 -0700] "GET /white_castle/t_castle11.jpg HTTP/1.1" 200 8052 "-" "facebookexternalhit/1.1 (+http://www.facebook.com/externalhit_uatext.php)" "jasonj1052.com"
51.222.253.13 - - [06/Oct/2022:21:58:16 -0700] "GET /stuffing/stuffing.html HTTP/1.1" 200 1808 "-" "Mozilla/5.0 (compatible; AhrefsBot/7.0; +http://ahrefs.com/robot/)" "jasonj1052.com"
51.222.253.11 - - [06/Oct/2022:22:24:15 -0700] "GET /thesis/index.htm HTTP/1.1" 200 1776 "-" "Mozilla/5.0 (compatible; AhrefsBot/7.0; +http://ahrefs.com/robot/)" "jasonj1052.com"
51.222.253.14 - - [06/Oct/2022:22:50:37 -0700] "GET /stuffing/?C=N;O=D HTTP/1.1" 200 505 "-" "Mozilla/5.0 (compatible; AhrefsBot/7.0; +http://ahrefs.com/robot/)" "jasonj1052.com"
51.222.253.18 - - [06/Oct/2022:23:17:12 -0700] "GET /thesis/dblheader.htm HTTP/1.1" 200 2426 "-" "Mozilla/5.0 (compatible; AhrefsBot/7.0; +http://ahrefs.com/robot/)" "jasonj1052.com"
51.222.253.8 - - [06/Oct/2022:23:41:00 -0700] "GET /krystal/?C=M;O=A HTTP/1.1" 200 823 "-" "Mozilla/5.0 (compatible; AhrefsBot/7.0; +http://ahrefs.com/robot/)" "jasonj1052.com"
51.222.253.15 - - [07/Oct/2022:00:05:29 -0700] "GET /stanley/ HTTP/1.1" 200 113 "-" "Mozilla/5.0 (compatible; AhrefsBot/7.0; +http://ahrefs.com/robot/)" "jasonj1052.com"
148.251.190.243 - - [07/Oct/2022:00:27:29 -0700] "GET /robots.txt HTTP/1.1" 404 88 "-" "Mozilla/5.0 (compatible; BLEXBot/1.0; +http://webmeup-crawler.com/)" "jasonj1052.com"
148.251.190.243 - - [07/Oct/2022:00:27:29 -0700] "GET / HTTP/1.1" 200 621 "-" "Mozilla/5.0 (compatible; BLEXBot/1.0; +http://webmeup-crawler.com/)" "jasonj1052.com"
51.222.253.18 - - [07/Oct/2022:00:29:24 -0700] "GET /stuffing/?C=M;O=D HTTP/1.1" 200 508 "-" "Mozilla/5.0 (compatible; AhrefsBot/7.0; +http://ahrefs.com/robot/)" "jasonj1052.com"
40.77.167.102 - - [07/Oct/2022:00:36:17 -0700] "GET /robots.txt HTTP/1.1" 404 88 "-" "Mozilla/5.0 (compatible; bingbot/2.0; +http://www.bing.com/bingbot.htm)" "jasonj1052.com"
207.46.13.165 - - [07/Oct/2022:00:36:21 -0700] "GET /christmas HTTP/1.1" 301 1410 "-" "Mozilla/5.0 (compatible; bingbot/2.0; +http://www.bing.com/bingbot.htm)" "jasonj1052.com"
51.222.253.1 - - [07/Oct/2022:00:53:16 -0700] "GET /thesis/capthrash.htm HTTP/1.1" 200 1899 "-" "Mozilla/5.0 (compatible; AhrefsBot/7.0; +http://ahrefs.com/robot/)" "jasonj1052.com"
173.252.83.3 - - [07/Oct/2022:00:59:52 -0700] "GET /corned_ham/100_0921.JPG HTTP/1.1" 200 35140 "-" "facebookexternalhit/1.1 (+http://www.facebook.com/externalhit_uatext.php)" "jasonj1052.com"
51.222.253.11 - - [07/Oct/2022:01:14:58 -0700] "GET /maps/fl.html HTTP/1.1" 200 224 "-" "Mozilla/5.0 (compatible; AhrefsBot/7.0; +http://ahrefs.com/robot/)" "jasonj1052.com"
114.119.140.186 - - [07/Oct/2022:01:18:29 -0700] "GET /corned_ham/ HTTP/1.1" 200 795 "-" "Mozilla/5.0 (Linux; Android 7.0;) AppleWebKit/537.36 (KHTML, like Gecko) Mobile Safari/537.36 (compatible; PetalBot;+https://webmaster.petalsearch.com/site/petalbot)" "jasonj1052.com"
51.222.253.14 - - [07/Oct/2022:01:34:03 -0700] "GET /graduation/ HTTP/1.1" 200 1211 "-" "Mozilla/5.0 (compatible; AhrefsBot/7.0; +http://ahrefs.com/robot/)" "jasonj1052.com"
114.119.140.190 - - [07/Oct/2022:01:42:50 -0700] "GET /buildbox?D=A HTTP/1.1" 301 1416 "http://www.jasonj1052.com/buildbox?M=A" "Mozilla/5.0 (Linux; Android 7.0;) AppleWebKit/537.36 (KHTML, like Gecko) Mobile Safari/537.36 (compatible; PetalBot;+https://webmaster.petalsearch.com/site/petalbot)" "www.jasonj1052.com"
114.119.140.190 - - [07/Oct/2022:01:42:53 -0700] "GET /buildbox/?D=A HTTP/1.1" 200 393 "http://www.jasonj1052.com/buildbox?M=A" "Mozilla/5.0 (Linux; Android 7.0;) AppleWebKit/537.36 (KHTML, like Gecko) Mobile Safari/537.36 (compatible; PetalBot;+https://webmaster.petalsearch.com/site/petalbot)" "www.jasonj1052.com"
51.222.253.3 - - [07/Oct/2022:01:54:07 -0700] "GET /krystal/?C=N;O=D HTTP/1.1" 200 816 "-" "Mozilla/5.0 (compatible; AhrefsBot/7.0; +http://ahrefs.com/robot/)" "jasonj1052.com"
51.222.253.14 - - [07/Oct/2022:02:12:38 -0700] "GET /bakedonion/ HTTP/1.1" 200 582 "-" "Mozilla/5.0 (compatible; AhrefsBot/7.0; +http://ahrefs.com/robot/)" "jasonj1052.com"
114.119.140.178 - - [07/Oct/2022:02:20:43 -0700] "GET /krystal/?C=M%3BO%3DA HTTP/1.1" 200 818 "http://www.jasonj1052.com/krystal?M=A" "Mozilla/5.0 (Linux; Android 7.0;) AppleWebKit/537.36 (KHTML, like Gecko) Mobile Safari/537.36 (compatible; PetalBot;+https://webmaster.petalsearch.com/site/petalbot)" "www.jasonj1052.com"
51.222.253.17 - - [07/Oct/2022:02:30:40 -0700] "GET /work/ HTTP/1.1" 200 274 "-" "Mozilla/5.0 (compatible; AhrefsBot/7.0; +http://ahrefs.com/robot/)" "jasonj1052.com"
194.38.20.161 - - [07/Oct/2022:02:35:22 -0700] "GET /wp-content/themes/purevision/scripts/admin/uploadify/uploadify.css HTTP/1.1" 404 73 "-" "ALittle Client" "jasonj1052.com"
51.222.253.11 - - [07/Oct/2022:02:47:41 -0700] "GET /pizza/ HTTP/1.1" 200 779 "-" "Mozilla/5.0 (compatible; AhrefsBot/7.0; +http://ahrefs.com/robot/)" "jasonj1052.com"
51.222.253.19 - - [07/Oct/2022:03:05:12 -0700] "GET /siskin/ HTTP/1.1" 200 597 "-" "Mozilla/5.0 (compatible; AhrefsBot/7.0; +http://ahrefs.com/robot/)" "jasonj1052.com"
114.119.129.206 - - [07/Oct/2022:03:18:09 -0700] "GET /thesis/Meyers2.htm HTTP/1.1" 200 3563 "http://www.jasonj1052.com/thesis/index.htm" "Mozilla/5.0 (Linux; Android 7.0;) AppleWebKit/537.36 (KHTML, like Gecko) Mobile Safari/537.36 (compatible; PetalBot;+https://webmaster.petalsearch.com/site/petalbot)" "www.jasonj1052.com"
114.119.140.178 - - [07/Oct/2022:03:24:00 -0700] "GET /krystal/?C=N%3BO%3DD HTTP/1.1" 200 818 "http://jasonj1052.com/krystal?M=A" "Mozilla/5.0 (Linux; Android 7.0;) AppleWebKit/537.36 (KHTML, like Gecko) Mobile Safari/537.36 (compatible; PetalBot;+https://webmaster.petalsearch.com/site/petalbot)" "jasonj1052.com"
51.222.253.18 - - [07/Oct/2022:03:25:47 -0700] "GET /stuffing/?C=N;O=D HTTP/1.1" 200 505 "-" "Mozilla/5.0 (compatible; AhrefsBot/7.0; +http://ahrefs.com/robot/)" "jasonj1052.com"
114.119.140.190 - - [07/Oct/2022:03:29:56 -0700] "GET /thesis/hungarian.cpp.txt HTTP/1.1" 200 2242 "http://www.jasonj1052.com/thesis/index.htm" "Mozilla/5.0 (Linux; Android 7.0;) AppleWebKit/537.36 (KHTML, like Gecko) Mobile Safari/537.36 (compatible; PetalBot;+https://webmaster.petalsearch.com/site/petalbot)" "www.jasonj1052.com"
114.119.140.186 - - [07/Oct/2022:03:35:50 -0700] "GET /corned_ham/100_0930.JPG HTTP/1.1" 200 33496 "http://jasonj1052.com/corned_ham" "Mozilla/5.0 (Linux; Android 7.0;) AppleWebKit/537.36 (KHTML, like Gecko) Mobile Safari/537.36 (compatible; PetalBot;+https://webmaster.petalsearch.com/site/petalbot)" "jasonj1052.com"
51.222.253.5 - - [07/Oct/2022:03:41:18 -0700] "GET /induction/ HTTP/1.1" 200 677 "-" "Mozilla/5.0 (compatible; AhrefsBot/7.0; +http://ahrefs.com/robot/)" "jasonj1052.com"
114.119.140.186 - - [07/Oct/2022:03:41:44 -0700] "GET /thesis/99travel.xls HTTP/1.1" 200 44544 "http://jasonj1052.com/thesis/" "Mozilla/5.0 (Linux; Android 7.0;) AppleWebKit/537.36 (KHTML, like Gecko) Mobile Safari/537.36 (compatible; PetalBot;+https://webmaster.petalsearch.com/site/petalbot)" "jasonj1052.com"
114.119.129.206 - - [07/Oct/2022:03:47:39 -0700] "GET /angus_cafe HTTP/1.1" 301 1414 "http://www.jasonj1052.com/" "Mozilla/5.0 (Linux; Android 7.0;) AppleWebKit/537.36 (KHTML, like Gecko) Mobile Safari/537.36 (compatible; PetalBot;+https://webmaster.petalsearch.com/site/petalbot)" "www.jasonj1052.com"
114.119.129.206 - - [07/Oct/2022:03:47:41 -0700] "GET /angus_cafe/ HTTP/1.1" 200 742 "http://www.jasonj1052.com/" "Mozilla/5.0 (Linux; Android 7.0;) AppleWebKit/537.36 (KHTML, like Gecko) Mobile Safari/537.36 (compatible; PetalBot;+https://webmaster.petalsearch.com/site/petalbot)" "www.jasonj1052.com"
114.119.140.178 - - [07/Oct/2022:03:53:30 -0700] "GET /booty?C=M%3BO%3DA HTTP/1.1" 301 1423 "http://www.jasonj1052.com/booty" "Mozilla/5.0 (Linux; Android 7.0;) AppleWebKit/537.36 (KHTML, like Gecko) Mobile Safari/537.36 (compatible; PetalBot;+https://webmaster.petalsearch.com/site/petalbot)" "www.jasonj1052.com"
114.119.140.178 - - [07/Oct/2022:03:53:33 -0700] "GET /booty/?C=M%3BO%3DA HTTP/1.1" 200 368 "http://www.jasonj1052.com/booty" "Mozilla/5.0 (Linux; Android 7.0;) AppleWebKit/537.36 (KHTML, like Gecko) Mobile Safari/537.36 (compatible; PetalBot;+https://webmaster.petalsearch.com/site/petalbot)" "www.jasonj1052.com"
51.222.253.19 - - [07/Oct/2022:03:56:22 -0700] "GET /stuffing/stuffing.html HTTP/1.1" 200 1808 "-" "Mozilla/5.0 (compatible; AhrefsBot/7.0; +http://ahrefs.com/robot/)" "jasonj1052.com"
114.119.129.206 - - [07/Oct/2022:03:59:19 -0700] "GET /tn_aquarium/thumb/t_tnaq16.jpg HTTP/1.1" 200 5999 "http://jasonj1052.com/tn_aquarium" "Mozilla/5.0 (Linux; Android 7.0;) AppleWebKit/537.36 (KHTML, like Gecko) Mobile Safari/537.36 (compatible; PetalBot;+https://webmaster.petalsearch.com/site/petalbot)" "jasonj1052.com"
114.119.140.178 - - [07/Oct/2022:04:05:13 -0700] "GET /thesis/S_D_Comp/s18d11.htm HTTP/1.1" 200 5077 "https://jasonj1052.com/thesis/S_D_Comp/sd_comp.htm" "Mozilla/5.0 (Linux; Android 7.0;) AppleWebKit/537.36 (KHTML, like Gecko) Mobile Safari/537.36 (compatible; PetalBot;+https://webmaster.petalsearch.com/site/petalbot)" "jasonj1052.com"
114.119.140.190 - - [07/Oct/2022:04:12:34 -0700] "GET /angus_cafe/thumb/t_angus6.jpg HTTP/1.1" 200 9106 "http://www.jasonj1052.com/angus_cafe" "Mozilla/5.0 (Linux; Android 7.0;) AppleWebKit/537.36 (KHTML, like Gecko) Mobile Safari/537.36 (compatible; PetalBot;+https://webmaster.petalsearch.com/site/petalbot)" "www.jasonj1052.com"
114.119.129.206 - - [07/Oct/2022:05:10:01 -0700] "GET /thesis/thrashing2.xls HTTP/1.1" 200 189952 "http://www.jasonj1052.com/thesis/thrashing.htm" "Mozilla/5.0 (Linux; Android 7.0;) AppleWebKit/537.36 (KHTML, like Gecko) Mobile Safari/537.36 (compatible; PetalBot;+https://webmaster.petalsearch.com/site/petalbot)" "www.jasonj1052.com"
185.114.245.108 - - [07/Oct/2022:05:38:21 -0700] "GET /style.php?sig=rename HTTP/1.1" 404 73 "-" "Mozilla/5.0 (Linux; Android 7.1.1; Nokia 2) AppleWebKit/537.36 (KHTML, like Gecko) Chrome/71.0.3578.83 Mobile Safari/537.36" "jasonj1052.com"
148.251.190.243 - - [07/Oct/2022:08:25:22 -0700] "GET /robots.txt HTTP/1.1" 404 88 "-" "Mozilla/5.0 (compatible; BLEXBot/1.0; +http://webmeup-crawler.com/)" "jasonj1052.com"
148.251.190.243 - - [07/Oct/2022:08:25:23 -0700] "GET /sitemap HTTP/1.1" 404 88 "-" "Mozilla/5.0 (compatible; BLEXBot/1.0; +http://webmeup-crawler.com/)" "jasonj1052.com"
148.251.190.243 - - [07/Oct/2022:08:25:40 -0700] "GET /sitemap.txt HTTP/1.1" 404 88 "-" "Mozilla/5.0 (compatible; BLEXBot/1.0; +http://webmeup-crawler.com/)" "jasonj1052.com"
148.251.190.243 - - [07/Oct/2022:08:25:58 -0700] "GET /DC2006 HTTP/1.1" 301 1410 "-" "Mozilla/5.0 (compatible; BLEXBot/1.0; +http://webmeup-crawler.com/)" "jasonj1052.com"
148.251.190.243 - - [07/Oct/2022:08:25:58 -0700] "GET /DC2006/ HTTP/1.1" 200 1371 "-" "Mozilla/5.0 (compatible; BLEXBot/1.0; +http://webmeup-crawler.com/)" "jasonj1052.com"
148.251.190.243 - - [07/Oct/2022:08:26:15 -0700] "GET /angus_cafe HTTP/1.1" 301 1412 "-" "Mozilla/5.0 (compatible; BLEXBot/1.0; +http://webmeup-crawler.com/)" "jasonj1052.com"
148.251.190.243 - - [07/Oct/2022:08:26:15 -0700] "GET /angus_cafe/ HTTP/1.1" 200 742 "-" "Mozilla/5.0 (compatible; BLEXBot/1.0; +http://webmeup-crawler.com/)" "jasonj1052.com"
148.251.190.243 - - [07/Oct/2022:08:26:33 -0700] "GET /bakedonion HTTP/1.1" 301 1411 "-" "Mozilla/5.0 (compatible; BLEXBot/1.0; +http://webmeup-crawler.com/)" "jasonj1052.com"
148.251.190.243 - - [07/Oct/2022:08:26:33 -0700] "GET /bakedonion/ HTTP/1.1" 200 582 "-" "Mozilla/5.0 (compatible; BLEXBot/1.0; +http://webmeup-crawler.com/)" "jasonj1052.com"
148.251.190.243 - - [07/Oct/2022:08:26:50 -0700] "GET /booty HTTP/1.1" 301 1407 "-" "Mozilla/5.0 (compatible; BLEXBot/1.0; +http://webmeup-crawler.com/)" "jasonj1052.com"
148.251.190.243 - - [07/Oct/2022:08:26:50 -0700] "GET /booty/ HTTP/1.1" 200 368 "-" "Mozilla/5.0 (compatible; BLEXBot/1.0; +http://webmeup-crawler.com/)" "jasonj1052.com"
148.251.190.243 - - [07/Oct/2022:08:27:07 -0700] "GET /buildbox HTTP/1.1" 301 1410 "-" "Mozilla/5.0 (compatible; BLEXBot/1.0; +http://webmeup-crawler.com/)" "jasonj1052.com"
148.251.190.243 - - [07/Oct/2022:08:27:07 -0700] "GET /buildbox/ HTTP/1.1" 200 393 "-" "Mozilla/5.0 (compatible; BLEXBot/1.0; +http://webmeup-crawler.com/)" "jasonj1052.com"
148.251.190.243 - - [07/Oct/2022:08:27:25 -0700] "GET /chattanooga_ducks HTTP/1.1" 301 1417 "-" "Mozilla/5.0 (compatible; BLEXBot/1.0; +http://webmeup-crawler.com/)" "jasonj1052.com"
148.251.190.243 - - [07/Oct/2022:08:27:25 -0700] "GET /chattanooga_ducks/ HTTP/1.1" 200 632 "-" "Mozilla/5.0 (compatible; BLEXBot/1.0; +http://webmeup-crawler.com/)" "jasonj1052.com"
148.251.190.243 - - [07/Oct/2022:08:27:42 -0700] "GET /christmas HTTP/1.1" 301 1410 "-" "Mozilla/5.0 (compatible; BLEXBot/1.0; +http://webmeup-crawler.com/)" "jasonj1052.com"
148.251.190.243 - - [07/Oct/2022:08:27:42 -0700] "GET /christmas/ HTTP/1.1" 200 375 "-" "Mozilla/5.0 (compatible; BLEXBot/1.0; +http://webmeup-crawler.com/)" "jasonj1052.com"
148.251.190.243 - - [07/Oct/2022:08:27:59 -0700] "GET /corned_ham HTTP/1.1" 301 1412 "-" "Mozilla/5.0 (compatible; BLEXBot/1.0; +http://webmeup-crawler.com/)" "jasonj1052.com"
148.251.190.243 - - [07/Oct/2022:08:27:59 -0700] "GET /corned_ham/ HTTP/1.1" 200 795 "-" "Mozilla/5.0 (compatible; BLEXBot/1.0; +http://webmeup-crawler.com/)" "jasonj1052.com"
148.251.190.243 - - [07/Oct/2022:08:28:17 -0700] "GET /crave_cruiser HTTP/1.1" 301 1414 "-" "Mozilla/5.0 (compatible; BLEXBot/1.0; +http://webmeup-crawler.com/)" "jasonj1052.com"
148.251.190.243 - - [07/Oct/2022:08:28:17 -0700] "GET /crave_cruiser/ HTTP/1.1" 200 663 "-" "Mozilla/5.0 (compatible; BLEXBot/1.0; +http://webmeup-crawler.com/)" "jasonj1052.com"
148.251.190.243 - - [07/Oct/2022:08:28:34 -0700] "GET /dc2007 HTTP/1.1" 301 1409 "-" "Mozilla/5.0 (compatible; BLEXBot/1.0; +http://webmeup-crawler.com/)" "jasonj1052.com"
148.251.190.243 - - [07/Oct/2022:08:28:34 -0700] "GET /dc2007/ HTTP/1.1" 200 1239 "-" "Mozilla/5.0 (compatible; BLEXBot/1.0; +http://webmeup-crawler.com/)" "jasonj1052.com"
148.251.190.243 - - [07/Oct/2022:08:28:51 -0700] "GET /graduation HTTP/1.1" 301 1409 "-" "Mozilla/5.0 (compatible; BLEXBot/1.0; +http://webmeup-crawler.com/)" "jasonj1052.com"
148.251.190.243 - - [07/Oct/2022:08:28:51 -0700] "GET /graduation/ HTTP/1.1" 200 1211 "-" "Mozilla/5.0 (compatible; BLEXBot/1.0; +http://webmeup-crawler.com/)" "jasonj1052.com"
148.251.190.243 - - [07/Oct/2022:08:29:08 -0700] "GET /induction HTTP/1.1" 301 1409 "-" "Mozilla/5.0 (compatible; BLEXBot/1.0; +http://webmeup-crawler.com/)" "jasonj1052.com"
148.251.190.243 - - [07/Oct/2022:08:29:09 -0700] "GET /induction/ HTTP/1.1" 200 677 "-" "Mozilla/5.0 (compatible; BLEXBot/1.0; +http://webmeup-crawler.com/)" "jasonj1052.com"
148.251.190.243 - - [07/Oct/2022:08:29:26 -0700] "GET /kpep HTTP/1.1" 301 1406 "-" "Mozilla/5.0 (compatible; BLEXBot/1.0; +http://webmeup-crawler.com/)" "jasonj1052.com"
148.251.190.243 - - [07/Oct/2022:08:29:26 -0700] "GET /kpep/ HTTP/1.1" 200 358 "-" "Mozilla/5.0 (compatible; BLEXBot/1.0; +http://webmeup-crawler.com/)" "jasonj1052.com"
148.251.190.243 - - [07/Oct/2022:08:29:44 -0700] "GET /krystal HTTP/1.1" 301 1409 "-" "Mozilla/5.0 (compatible; BLEXBot/1.0; +http://webmeup-crawler.com/)" "jasonj1052.com"
148.251.190.243 - - [07/Oct/2022:08:29:44 -0700] "GET /krystal/ HTTP/1.1" 200 818 "-" "Mozilla/5.0 (compatible; BLEXBot/1.0; +http://webmeup-crawler.com/)" "jasonj1052.com"
114.119.152.97 - - [07/Oct/2022:08:29:58 -0700] "GET /robots.txt HTTP/1.1" 404 88 "-" "Mozilla/5.0 (compatible;PetalBot;+https://webmaster.petalsearch.com/site/petalbot)" "www.jasonj1052.com"
